*k = -58 + 3. Suppose 237 = 4*v + c, 2*v - 43 = c + 80. Suppose 2*g + 0*g - v = 0. What is the remainder when g is divided by k?
8
Let q be 2/(-6) + 12/9. Let v = 58 + -113. Calculate the remainder when 14 is divided by v/(-15) - q/(-3).
2
Let k(r) = 2*r**2 + 4*r + 17. Calculate the remainder when k(-6) is divided by 37.
28
Let d(l) = -l**2 + 14*l + 8. Suppose -4*k + 46 = -10. Let v be d(k). Let t = 8 + v. What is the remainder when 29 is divided by t?
13
Let h = 75 - 23. Suppose 13*j - 162 = 7*j. What is the remainder when h is divided by j?
25
Let n(u) be the first derivative of 17*u**4/4 - u**3/3 - u**2/2 + 2*u - 7. What is the remainder when 150 is divided by n(1)?
14
Suppose -n - 3*i = 8, 5*n - 2*i - 3*i = 0. Let a = 17 + n. Calculate the remainder when 28 is divided by a.
13
Let x(j) = -j**3 - 10*j**2 - 42*j - 6. What is the remainder when x(-6) is divided by ((-84)/8)/((-1)/2)?
18
Let d(z) = 21*z - 2. Let m(x) = -31*x + 3. Let j(s) = -7*d(s) - 5*m(s). What is the remainder when j(1) is divided by 1*(-3 + 1 + 7/1)?
2
Suppose -38*a + 48*a - 790 = 0. Calculate the remainder when 393 is divided by a.
77
Let r(f) = 8*f - 54. Calculate the remainder when r(23) is divided by 22.
20
Let c(u) = -20*u - 2. What is the remainder when c(-3) is divided by (-450)/(-12)*8/20?
13
Suppose 0 = -c + 2*a - 2, -5*a + 2 + 5 = -2*c. Suppose -c*p + 3*p + 39 = 0. Calculate the remainder when 76 is divided by p.
37
Let r(g) = -g**3 - 40*g**2 + 125*g - 148. What is the remainder when 140 is divided by r(-43)?
20
Let c be 158/7 + (-12)/(-28). Let r = -2 + c. Calculate the remainder when r is divided by 6.
3
Let u = 30 + 8. Let t = -59 + 68. Suppose t = f + y + 3, -4*f + 56 = -4*y. What is the remainder when u is divided by f?
8
What is the remainder when 132 is divided by 3/4 - ((-250)/8 + -7)?
15
Let u = 253 + -159. Suppose -4*m - 73 = -5*h - 13, 2*h - 52 = -4*m. What is the remainder when u is divided by h?
14
Let d = 120 + 29. Suppose 5*r = 4*y - 77, 46 - d = -5*y + 4*r. What is the remainder when y is divided by 12?
11
Suppose -99*a + 97*a = -6. Calculate the remainder when 41/4 + (-4)/16 is divided by a.
1
Suppose -f + 150 = 10. Calculate the remainder when f is divided by 18.
14
Suppose -9*z + 280 - 10 = 0. What is the remainder when z is divided by 10?
0
Calculate the remainder when 117 is divided by 8/(4 - 6) + 14.
7
Let j = 56 + -42. Let k = 141 - 89. What is the remainder when k is divided by j?
10
Suppose 0 = -3*k + 74 + 97. Suppose 0*n + 3*n - 82 = 4*y, -5*y = -2*n + k. What is the remainder when n is divided by 10?
6
Let a be 5 + -4 - (-1 - (-3 - -2)). Calculate the remainder when 50 is divided by a*4*204/48.
16
Let d be (-4 - 0)*15/(-12). Suppose 0 = -d*i - 127 + 767. Suppose -3*v - x = 14 - 82, 5*v - i = 2*x. What is the remainder when v is divided by 13?
11
Let a(h) = 16*h - 3. Let y = -1721 - -1740. What is the remainder when a(6) is divided by y?
17
Let r = -80 - -168. Suppose -26*t - r = -30*t. Let n = 9 + -3. Calculate the remainder when t is divided by n.
4
Let l = -2 - -17. Calculate the remainder when l is divided by 0 + ((-6)/10)/(4/(-20)).
0
Suppose 2*k - 20 = 4*p, 4*p + 4*k + 10 = k. Let w be 4/(-8) + (-2)/p. Suppose -d + 3 = -w. Calculate the remainder when d is divided by 2.
1
What is the remainder when -9 + 2 + (-84)/(-3) is divided by 8?
5
Let x = 8 + -5. Suppose -7 = -5*f + x. Suppose f*j + 3*j = 4*a - 138, -5*a + 168 = -4*j. Calculate the remainder when 61 is divided by a.
29
Suppose 2*w + 36 = 14*w. Suppose 97 = w*b + 3*s + 7, 4*b - 130 = -2*s. What is the remainder when 138 is divided by b?
33
Let z(j) = 15*j - 40. Let k(q) = 15*q - 38. Let x(c) = 7*k(c) - 6*z(c). Calculate the remainder when x(4) is divided by 21.
13
Suppose -113 - 79 = -8*g. Calculate the remainder when 88 is divided by g.
16
Suppose -6*n = -41 - 1057. Suppose -r + 45 = 5*h, -4*r + 3*h + n = 49. What is the remainder when r is divided by 12?
11
Suppose 2*a = -2*a + 152. Let u(n) = 54*n + 231. Calculate the remainder when a is divided by u(-4).
8
Suppose -5*m + 4*k + 1636 = 2*k, 5*k + 1645 = 5*m. Let g = m - 224. Suppose -164 = -4*r - 24. Calculate the remainder when g is divided by r.
32
Suppose c - 96 = -5*c. Calculate the remainder when 38 is divided by c.
6
Suppose 0 = -4*h - 4*q + 44, 2*h - 5*q + 15 = 3*h. Suppose -h*g = 19 - 89. What is the remainder when 24 is divided by g?
3
Suppose 0*v = 3*v - 75. Let f = -396 + 232. Let s = -91 - f. Calculate the remainder when s is divided by v.
23
Suppose -5*l + 7 = 2. Let p = 12 + 4. What is the remainder when (l - (1 - -1))*-31 is divided by p?
15
Let h(l) = l**2 + 3*l + 5. Suppose -5*r = -j - 3, -4*r - 3*j = -j + 6. Let i be 3 + r + 24/(-3). Calculate the remainder when 43 is divided by h(i).
13
Let l(u) = u + 62. Calculate the remainder when 34 is divided by l(-32).
4
Let d = -26 + 64. Suppose 3*t - 65 = -5*j, -3*t + 25 = 2*t. What is the remainder when d is divided by j?
8
Let l(w) = -4*w**2 - 66*w - 77. Calculate the remainder when 428 is divided by l(-15).
12
Suppose -15*o - 1785 = -30*o. Calculate the remainder when o is divided by 12.
11
Suppose 825 - 214 = 13*l. Calculate the remainder when 469 is divided by l.
46
Suppose -q - 185 = -5*a, a - 18 = -2*q + 30. Let l = -338 - -484. Calculate the remainder when l is divided by a.
32
Suppose h - 66 = -0*k - k, -3*h + 201 = 4*k. What is the remainder when h is divided by 18?
9
Suppose -x + 6 = x. What is the remainder when 1 + (-142)/(-8) - (-18)/72 is divided by x?
1
Let u = 105 - 70. Suppose -3*w + u = 2. Suppose 45 = 2*k - 19. Calculate the remainder when k is divided by w.
10
Suppose -3*u - 4*i + 50 = 0, -5*u + 5*i + 31 - 6 = 0. Let v(s) = 3*s**2 - 24*s - 6. Calculate the remainder when v(u) is divided by 19.
16
Let u(b) = -b**2 + 10*b + 7. Let x be u(10). Let t = 9 + x. What is the remainder when 28 is divided by t?
12
Suppose 3*j + 5 = 2*h + 8*j, 5*j + 100 = 5*h. What is the remainder when 148 is divided by h?
13
Let d(m) = 7*m**2 + 3*m + 3. Suppose -5*k = -5*x - 20, -4 = -0*x + 5*x + 3*k. What is the remainder when d(x) is divided by 13?
12
Let s(q) = q**3 - 28*q**2 - 59*q + 3. What is the remainder when 90 is divided by s(30)?
24
Suppose g = -4*h + 22 + 3, -4*h = 2*g - 30. Suppose -3*f - 27 = -h*o, -5*o + 2*o + 13 = -5*f. What is the remainder when o is divided by 6?
0
Calculate the remainder when 3/(-9) + 536/6 is divided by ((-18)/(-12)*23)/(6/4).
20
Let t(o) be the second derivative of -o**3/6 + o**2/2 - 7*o. Let s be t(4). Calculate the remainder when 9 is divided by s - (0/2 - 6).
0
Let c be 3*(164/12 - 0). Let a = c - -11. What is the remainder when 415 is divided by a?
51
What is the remainder when (54/24)/(9/1332) is divided by 67?
65
Suppose -3 = j - 5*p - 20, 4*p + 28 = -4*j. What is the remainder when (10 - 7)/(j/(-28)) is divided by 8?
4
Suppose -9 = -u + 4*p, 3 = 3*u - 4*u - 2*p. Let x(l) = -3*l - 3*l - 2 + u. What is the remainder when x(-10) is divided by 20?
19
Suppose -3*n - o + 34 + 0 = 0, n - 3*o = -2. Suppose 3*r + 11 = 65. Calculate the remainder when r is divided by n.
8
Suppose 38 = -2*d - 28. Let l = 61 + d. Suppose -5*m + 50 = 3*z, 6*z = 5*m + 2*z - 50. Calculate the remainder when l is divided by m.
8
Let b(k) = -3*k + 43. Calculate the remainder when b(14) is divided by (-10)/(-50)*(-1 - -6).
0
Let m(z) = -21*z + 1. Suppose -4*n + 16 = -0*n + 2*k, 5*n - 2*k = 11. Let g = n + 5. Calculate the remainder when m(-1) is divided by g.
6
Suppose -5*d = -5*p + 42 - 127, -112 = -5*d - 4*p. What is the remainder when d is divided by 11?
9
Suppose 2*g = 289 - 47. Suppose 0 = 3*y - 0*y - 2*j - 218, 2*j = 5*y - 370. Let d = g - y. What is the remainder when d is divided by 16?
13
Suppose -4*y + 605 = 5*g, g - 5*g + 4 = 0. Suppose -q + y = 4*q. What is the remainder when 117 is divided by q?
27
Let s = 77 - 48. What is the remainder when 110 is divided by s?
23
Let d(o) = 3*o - 3. Let q be d(3). Let a(u) = 23*u + 7. What is the remainder when a(q) is divided by 37?
34
Suppose 2*w = o + 1, 35 = 5*o - 54*w + 52*w. What is the remainder when 37 is divided by o?
1
Suppose 17 - 297 = -8*u. What is the remainder when 241 is divided by u?
31
Let r = -6 + 10. Let i be -3 - (-68)/r*4. Let p = i - -21. Calculate the remainder when p is divided by 2